7. Let n(b) = 5*j(b) - 13*o(b). Give n(-8).
-17
Let x(y) be the third derivative of -1/2*y**3 + 1 + 5/24*y**4 - 1/60*y**5 + 76*y**2 + 0*y. Calculate x(7).
-17
Let x(s) = 2*s**2 - 17*s - 10. Let y(n) = -4*n**2 - 216*n + 10. Let j be y(-54). Give x(j).
20
Let c = 67 - 45. Suppose -40*f = -38*f + c. Let k(y) = 3*y + 26. Determine k(f).
-7
Let p(b) = -3*b - 2 + 2*b**2 - 2 + 6*b. Let z(l) = -4*l**2 - 78*l + 169. Let y be z(2). Calculate p(y).
5
Let z = 1851 - 1863. Let g(q) = -q - 14. Determine g(z).
-2
Let u be -20 - (-22 + 11 - 9). Let t(c) = c**3 + c**2 - 6*c + 8. Determine t(u).
8
Let o(m) = -2*m**3 - 31*m**2 - 17*m - 29. Let r be o(-15). Let x = -30 + 32. Let b(i) = 0*i**x - 92 + 3*i**2 + 2*i + 91. Calculate b(r).
4
Let g(f) = f**2 + 4*f - 12. Let r be g(2). Let v be (13 - r) + (0 - 4) + 1. Let d(u) = -2*u + 13 + 15 - v*u**2 - 27. Calculate d(1).
-11
Suppose -w + 6 = b, 0 = -5*b + 7*w - 2*w. Suppose -2*g - 4*i = i - 27, -b*g + 8 = i. Let t(n) = -13*n - 1. Calculate t(g).
-14
Let z(y) be the first derivative of 2*y**4 - y**3 - y**2/2 + 26. What is z(-2)?
-74
Let o(h) = -h**3 + 8*h**2 + 19*h + 19. Suppose 57*f - 2*f + 198*f - 2530 = 0. Calculate o(f).
9
Suppose f = -5*d + 83, -2*f - d = 3*f - 415. Let i = f + -83. Let w(z) = -z**3 + z**2 + 4. What is w(i)?
4
Let l be 2/(-5) + (-27)/(-5). Suppose 0 = 5*i - 10, -n + 9 = 19*i - 22*i. Let j(h) = -n + 8 - 36*h**3 + 5*h**2 + 35*h**3. Determine j(l).
-7
Let s(v) = v**3 + 3*v**2 - v - 1. Suppose 4*w - 38*w + 204 = 0. Suppose -5*z + 10*q - w*q = 35, 5*q - 16 = -3*z. Calculate s(z).
2
Suppose 55*a - 257 - 132 = 216. Let u(p) = 11*p - 145. Give u(a).
-24
Let u(m) be the first derivative of -m**2/2 + 12*m - 19. Let i be u(8). Let c(v) = -2*v + 3. Calculate c(i).
-5
Let x be 9/234*4 - (-41)/(-13). Let t(k) be the first derivative of -3*k**2 - 2*k - 14. Give t(x).
16
Let o(z) = -z**3 - 2*z**2 - 2*z + 6. Suppose -28*h = -11*h - 51. Let q(a) = a**3 - a**2 - 4*a - 6. Let v be q(h). What is o(v)?
6
Let v(x) = -91 - 6 + 100 + 26*x + 22*x. Determine v(-1).
-45
Let j(k) = -227*k**2 - 11 - 141*k**2 + 23*k + 359*k**2 - k**3. Calculate j(-11).
-22
Let d(b) = 0*b**2 + 0*b**2 - 221 + 2*b + b**2 + 222 - 2*b**2. Give d(7).
-34
Let l(o) = 35*o - 433. Let m be l(12). Let d(s) = -6*s - 86. Determine d(m).
-8
Let g be (-1)/30*1*9/((-396)/110). Let o(y) be the second derivative of -19*y + g*y**4 + 0*y**3 - 3/2*y**2 + 0. Give o(-4).
13
Let q be -6*((-52)/8 + 3). Let o be 1/((q/6)/7). Let t(g) = -g**2 + g**o + 363*g - 370*g + g**2 - 8. Give t(6).
-14
Let p(w) = 14079*w - 1 - 12 - 28144*w + 14066*w. Let y be (-1 + -1 - 2)*-2. Give p(y).
-5
Let f(k) be the first derivative of 61 - 1/2*k**2 - 1/4*k**4 + 7*k + 3*k**3. Give f(9).
-2
Let i = -1047 + 1058. Let d(r) = r**2 - 17*r + 90. Give d(i).
24
Let w(a) = -a**2 - 5*a + 3. Suppose -50*y + 342 = -53*y. Let k = y - -108. Determine w(k).
-3
Suppose -70*g - 28*g = 17*g - 1840. Let m(r) = -r**3 + 15*r**2 + 19*r + 12. Calculate m(g).
60
Let b(r) be the third derivative of 1/8*r**4 + 0 + 2*r**2 - 14*r + 2/3*r**3. What is b(4)?
16
Let k(h) = -7*h - 266. Let n(q) = -3*q - 124. Let r(a) = -6*k(a) + 13*n(a). What is r(4)?
-4
Let n(u) = -18*u + 18. Let i(s) = -5*s + 4. Let q be 3*((-56)/(-476) + (-208)/34). Let r(b) = q*i(b) + 4*n(b). Give r(2).
36
Let l(g) = -9*g**2 - 461*g - 106. Let i be l(-51). Let v(b) = 2*b - 6. Let s(a) = a - 3. Let h(n) = 5*s(n) - 2*v(n). What is h(i)?
-7
Let w(m) be the third derivative of -m**5/60 - m**4/24 + 116*m**2. Let l(g) = -2*g**2 - 3*g + 2. Let f(n) = -3*l(n) + 5*w(n). Give f(-8).
26
Let f(h) = -2*h**3 + 8*h**2 + h - 5. Let p(s) = 10 + 3*s**3 - 135*s - 9*s**2 - 4 + 134*s. Let v(m) = 6*f(m) + 5*p(m). Give v(-2).
-14
Let c(n) = n + 8. Suppose 148 - 153 = -r. Let f be (-3)/(-2)*(0 - -14). Suppose -4 - f = r*k. Give c(k).
3
Suppose 4*j + 2*a = 8, -a - 2 = -2*j - 6. Let o(y) = 3*y - 4*y + y**2 + j*y**2 - 57 + 58 + 14*y**3. Let s be -2*(1 + 0) + 3. What is o(s)?
15
Let w(i) = i - 9. Suppose 240 = 7*m - 2*m - 3*h, -3*m = -h - 144. Suppose -s = -4, -5*x + 4*s = 6*s - m. What is w(x)?
-1
Suppose -6*p + 42 + 204 = 0. Let i(b) = 30 - p + 2*b - 1. Give i(6).
0
Let k(a) be the first derivative of 9/2*a**2 + 1/3*a**3 - 5*a - 175. Calculate k(-9).
-5
Let c(z) be the second derivative of z**6/360 - z**5/40 + 197*z**4/12 + 24*z. Let k(n) be the third derivative of c(n). Give k(2).
1
Suppose -89 = 6*f - 527. Suppose -f = 9*u - 217. Let s(n) = -n + 18. What is s(u)?
2
Let o(s) = -6*s + 4*s - 17 - 7*s - 83 - 185. Calculate o(-31).
-6
Let x = 12929 + -12925. Let c(w) = 2*w**2 - 4*w - 12. Determine c(x).
4
Let t(m) be the third derivative of 2*m**2 + 1/360*m**6 - 25/6*m**3 + 1/40*m**5 + 0 - 1/8*m**4 + 0*m. Let g(a) be the first derivative of t(a). Determine g(2).
7
Suppose 34 - 24 = -5*y. Let a(p) = -2*p**3 + 267*p**2 - 535*p**2 - 3*p - 6 + 3 + 265*p**2. What is a(y)?
7
Let f(j) = -j**3 + j**2 + 49. Let y be (-112)/32 + 6 + (-5)/2. What is f(y)?
49
Let d(f) = -323 + 45*f - 10 + 44 + 32 + 113. Give d(3).
-9
Let z = -481 + 493. Suppose 26*f - z*f = -56. Let x(h) = 4*h + 2 + h - 4*h. Determine x(f).
-2
Suppose 18 - 26 = -4*l. Let p(m) = -123*m - 3*m**2 + 3 + m**2 + 132*m + 3*m**l. Let j be p(-8). Let c(v) = -v**2 - 6*v - 7. What is c(j)?
-2
Let m(d) = d**2 + 11*d - 3. Suppose 5*n - 18 = b, 3*n - 10 = n - b. Let a(c) = 1. Let s(u) = n*a(u) - m(u). What is s(-8)?
31
Let d(p) = 2*p**3 + 8*p**2 + 11. Let w(n) = 4 + 2 + 4*n**2 + 0*n**2 + n**3. Let x(g) = 3*d(g) - 5*w(g). Suppose 8 = 3*l + 5*u, 4*l - 4*u - u = -36. Give x(l).
3
Let t(k) = -18 + k**2 - 2*k**2 - 359*k + 375*k. Give t(14).
10
Suppose -12*g = 6 - 42. Let u(z) = g + 3 + z + 0*z - 2*z - 4. Let t = 1 + 2. What is u(t)?
-1
Let o be (-31)/(-10) - (-10)/(-100). Suppose 2 = -o*b + 14, w - 4*b = -21. Let x(t) be the third derivative of t**4/24 - t**3/3 - 3*t**2. Determine x(w).
-7
Let p be 85/17 + (0 - -1) + 0. Let s(z) = -2*z**2 - 7*z - 11. Let w(x) = -x**2 - x - 1. Let k(o) = -s(o) + 3*w(o). Calculate k(p).
-4
Let p(s) be the second derivative of -s**4/12 - 5*s**3/6 + s**2 + 238*s + 1. Let d = 6 - 10. Calculate p(d).
6
Let d(o) = 5*o**2. Suppose 3*n = 6, 0 = 7*z - 5*z + 4*n - 88. Suppose -z*r = -35*r + 5. Give d(r).
5
Let w(d) = d**2 - 15*d - 1. Suppose 5*q - 5*b = 60, -q - 5*b - 2 = -26. Give w(q).
-15
Suppose -82*d - 84*d = -124*d + 2478. Let m(p) = -p - 50. Calculate m(d).
9
Let i(m) = -44 - 29*m - 1633*m**2 - 1632*m**2 - 1638*m**2 + 4904*m**2. Determine i(31).
18
Let z be 0 + (-21)/(-9) + 6/9. Let n(t) = t**3 - 6*t**2 - 11*t + 0*t**z + 3*t**3 - 3*t**3 + 6. What is n(7)?
-22
Let w = -128 + 140. Suppose -w*p + 17*p = 5. Let k(z) = 12*z**2 - 3*z + 1. Give k(p).
10
Let p(j) = -j**2 - 23*j - 131. Let y be p(-14). Let q(c) = 35*c + 171. Give q(y).
-4
Suppose 3*d - 63 = 2*n, 4*d + 19*n = 22*n + 84. Let t(m) = -m + 40. Calculate t(d).
19
Let t(r) = 9 - 30*r + 3*r**3 + 19*r - 2*r**3 + 14*r + 2*r + 13*r**2. What is t(-12)?
93
Let w(n) = -4*n + 11. Let q(i) = i**2 + 64*i + 872. Let k be q(-44). Give w(k).
43
Let u be 3*2 - (-2 - -3). Let l be 4*-1 - (-45)/u. Suppose -b + l*o = 3*o + 14, 3*b - 5*o = -39. Let k(h) = 3*h + 12. Calculate k(b).
-12
Let p = -400 - -402. Let a(q) = 24*q - 40. Let h be a(p). Let o(f) = -3*f + 25. Give o(h).
1
Let g(t) = 80*t - 477. Let u be g(6). Let c(p) = 4*p**2 - p - 10. Give c(u).
23
Let c(t) = -227645 - 227652 + 455292 - t. Calculate c(3).
-8
Let i(x) = 5*x + 10. Let o(h) = 9*h + 19. Let t(k) = 7*i(k) - 4*o(k). Let s(d) = -d**2 + 11*d + 18. Let b = 17 + -4. Let m be s(b). What is t(m)?
2
Let c(o) = o - 10. Suppose 13*a - 71 = -6. Suppose -3 - 7 = -a*f. Let m be (f/10)/(2/5)*0. Calculate c(m).
-10
Let y(t) = t**2 - 17*t - 122. Let b be y(23). Let k(w) = 1 + 2 - 6 + b*w - 19*w. Let h(l) = 2*l + 5. Let z be h(-6). What is k(z)?
18
Let i(l) = -l**3 + 3*l**2 - l - 4. Let p(r) = 0 + 4 + r**2 - 5 + 807*r - 808*r. Let v(k) = i(k) - 3*p(k). Give v(-2).
3
Let a = 1875 + -1868. Let z(t) = -t**2 + 14*t - 48. Calculate z(a).
1
Let h(y) = -130 + 5*y - 4*y - 121 + 244. Let r = -10 + 24. Let n be 24/r*21/6. Calculate h(n).
-1
Let c(q) = -1291*q**3 - 1293*q**3 + 19*q + 3874*q**3 + 3*q**2 - 12 - 1291*q**3. Determine c(6).
-6
Let s(c) = -10*c. Let h be s(-1). Let b(t) = -t**2 - 42*t - 388. Let q be b(-29). Let k = q + h. Let